 322411?
2
What is the thousands digit of 10532747?
2
What is the thousands digit of 363879?
3
What is the millions digit of 1354958?
1
What is the millions digit of 4210737?
4
What is the ten thousands digit of 288084?
8
What is the hundreds digit of 5479621?
6
What is the hundred thousands digit of 208531?
2
What is the thousands digit of 578161?
8
What is the hundreds digit of 7873614?
6
What is the hundreds digit of 230382?
3
What is the thousands digit of 169519?
9
What is the hundreds digit of 17943068?
0
What is the tens digit of 1034398?
9
What is the ten thousands digit of 4853113?
5
What is the tens digit of 138998?
9
What is the ten thousands digit of 5459812?
5
What is the thousands digit of 299112?
9
What is the ten thousands digit of 39475?
3
What is the ten thousands digit of 12744?
1
What is the hundred thousands digit of 23862424?
8
What is the ten millions digit of 12241435?
1
What is the hundreds digit of 11187351?
3
What is the hundreds digit of 874406?
4
What is the thousands digit of 212983?
2
What is the millions digit of 1007306?
1
What is the units digit of 3774552?
2
What is the millions digit of 4643563?
4
What is the millions digit of 9296547?
9
What is the thousands digit of 472433?
2
What is the hundred thousands digit of 4485495?
4
What is the hundreds digit of 481453?
4
What is the tens digit of 26620?
2
What is the units digit of 378219?
9
What is the millions digit of 20025253?
0
What is the millions digit of 2006448?
2
What is the tens digit of 2276435?
3
What is the thousands digit of 616807?
6
What is the hundreds digit of 1022754?
7
What is the hundred thousands digit of 541999?
5
What is the tens digit of 4537910?
1
What is the ten thousands digit of 176330?
7
What is the thousands digit of 551907?
1
What is the hundred thousands digit of 359136?
3
What is the hundred thousands digit of 5458036?
4
What is the millions digit of 45527667?
5
What is the millions digit of 21343219?
1
What is the ten thousands digit of 2002948?
0
What is the thousands digit of 960185?
0
What is the tens digit of 495079?
7
What is the hundred thousands digit of 5141150?
1
What is the thousands digit of 1014392?
4
What is the hundred thousands digit of 33912139?
9
What is the tens digit of 2268748?
4
What is the units digit of 41196300?
0
What is the hundred thousands digit of 1007928?
0
What is the thousands digit of 1193573?
3
What is the ten thousands digit of 19220394?
2
What is the tens digit of 243509?
0
What is the tens digit of 8500201?
0
What is the units digit of 625940?
0
What is the hundred thousands digit of 2011678?
0
What is the ten thousands digit of 69118?
6
What is the millions digit of 3797296?
3
What is the millions digit of 1450850?
1
What is the thousands digit of 110870?
0
What is the tens digit of 1094266?
6
What is the millions digit of 3251955?
3
What is the millions digit of 4477743?
4
What is the millions digit of 8857425?
8
What is the hundred thousands digit of 133194?
1
What is the millions digit of 23772588?
3
What is the hundreds digit of 1258949?
9
What is the ten thousands digit of 638202?
3
What is the hundred thousands digit of 7135509?
1
What is the thousands digit of 21736?
1
What is the tens digit of 5662492?
9
What is the ten thousands digit of 214428?
1
What is the millions digit of 1895558?
1
What is the ten thousands digit of 6502496?
0
What is the ten thousands digit of 786908?
8
What is the hundreds digit of 596877?
8
What is the millions digit of 3504875?
3
What is the hundred thousands digit of 1365958?
3
What is the ten thousands digit of 3341180?
4
What is the tens digit of 1388671?
7
What is the thousands digit of 718972?
8
What is the ten thousands digit of 339505?
3
What is the units digit of 293637?
7
What is the millions digit of 1686988?
1
What is the thousands digit of 2474022?
4
What is the hundreds digit of 170878?
8
What is the tens digit of 561259?
5
What is the thousands digit of 31456868?
6
What is the units digit of 818796?
6
What is the thousands digit of 629459?
9
What is the ten thousands digit of 616439?
1
What is the hundreds digit of 123220?
2
What is the units digit of 1032021?
1
What is the millions digit of 9174308?
9
What is the ten thousands digit of 128746?
2
What is the tens digit of 1504751?
5
What is the hundred thousands digit of 1980999?
9
What is the hundred thousands digit of 222387?
2
What is the tens digit of 31644056?
5
What is the tens digit of 9973461?
6
What is the thousands digit of 282315?
2
What is the hundreds digit of 4296394?
3
What is the units digit of 1725166?
6
What is the thousands digit of 1904280?
4
What is the units digit of 696372?
2
What is the tens digit of 5441713?
1
What is the hundreds digit of 154958?
9
What is the tens digit of 432662?
6
What is the units digit of 2653848?
8
What is the tens digit of 468333?
3
What is the units digit of 635087?
7
What is the ten thousands digit of 563660?
6
What is the tens digit of 18906475?
7
What is the thousands digit of 1772687?
2
What is the tens digit of 9848747?
4
What is the hundreds digit of 28540958?
9
What is the ten thousands digit of 168264?
6
What is the hundreds digit of 264378?
3
What is the thousands digit of 417539?
7
What is the ten thousands digit of 1422519?
2
What is the ten thousands digit of 353330?
5
What is the hundreds digit of 1630018?
0
What is the ten thousands digit of 3588578?
8
What is the thousands digit of 5333690?
3
What is the millions digit of 2680435?
2
What is the hundreds digit of 343373?
3
What is the hundreds digit of 68290?
2
What is the units digit of 186111?
1
What is the millions digit of 21917973?
1
What is the tens digit of 794517?
1
What is the tens digit of 3636282?
8
What is the thousands digit of 39225613?
5
What is the hundreds digit of 40606?
6
What is the hundreds digit of 23978352?
3
What is the hundred thousands digit of 1159569?
1
What is the units digit of 1226043?
3
What is the thousands digit of 51264?
1
What is the thousands digit of 2700452?
0
What is the hundred thousands digit of 4966441?
9
What is the thousands digit of 106974?
6
What is the units digit of 5683007?
7
What is the thousands digit of 1272426?
2
What is the thousands digit of 2841968?
1
What is the units digit of 107576?
6
What is the units digit of 1193384?
4
What is the tens digit of 2622619?
1
What is the hundreds digit of 954362?
3
What is the hundred thousands digit of 280080?
2
What is the tens digit of 389691?
9
What is the tens digit of 15094543?
4
What is the hundreds digit of 2524639?
6
What is the hundred thousands digit of 365871?
3
What is the hundred thousands digit of 398269?
3
What is the hundreds digit of 195143?
1
What is the units digit of 449619?
9
What is the tens digit of 1055540?
4
What is the ten thousands digit of 866616?
6
What is the thousands digit of 218403?
8
What is the hundred thousands digit of 5122443?
1
What is the thousands digit of 19946246?
6
What is the thousands digit of 974964?
4
What is the tens digit of 7435205?
0
What is the hundreds digit of 568545?
5
What is the units digit of 3791476?
6
What is the thousands digit of 215124?
5
What is the tens digit of 14043387?
8
What is the units digit of 93832?
2
What is the hundreds digit of 9690?
6
What is the hundreds digit of 12002149?
1
What is the tens digit of 671770?
7
What is the thousands digit of 377205?
7
What is the ten thousands digit of 1737549?
3
What is the thousands digit of 410663?
0
What is the units digit of 302522?
2
What is the ten thousands digit of 13709971?
0
What is the tens digit of 650178?
7
What is the units digit of 8034390?
0
What is the thousands digit of 468218?
8
What is the hundred thousands digit of 1210518?
2
What is the units digit of 10293775?
5
What is the millions digit of 20796542?
0
What is the units digit of 436160?
0
What is the hundreds digit of 2571741?
7
What is the thousands digit of 2911?
2
What is the millions digit of 2035867?
2
What is the millions digit of 3817179?
3
What is the units digit of 249245?
5
What is the thousands digit of 1915708?
5
What is the hundred thousands digit of 29879583?
8
What is the ten millions digit of 11019376?
1
What is the hundreds digit of 205438?
4
What is the hundreds digit of 329114?